 What are the prime factors of y?
151
Let i(l) = -208*l - 594. List the prime factors of i(-45).
2, 3, 487
Suppose -29*d + 27*d + 32202 = f, 2*f = -5*d + 64406. What are the prime factors of f?
2, 17, 947
Let h = -534 - -519. Let x(r) be the first derivative of r**3/3 + 7*r**2/2 + 4*r + 13. List the prime factors of x(h).
2, 31
Let u(v) = 942*v - 3186. What are the prime factors of u(16)?
2, 3, 7, 283
Let s be 7/(-3*(17/(-3) - -6)). List the prime factors of -311*(-4 - s)/(-3)*1.
311
Let d = -20057 - -36471. What are the prime factors of d?
2, 29, 283
Let v = -725 + 1000. Let t = v + -241. What are the prime factors of t?
2, 17
Let q(s) = 9*s**2 - 74*s + 19. Let u(f) = -10*f**2 + 77*f - 17. Let t(d) = 6*q(d) + 5*u(d). List the prime factors of t(30).
11, 13
Let i be 0 + -2 - -59*(2 - 1). Let x = i - 64. Let n = 198 - x. What are the prime factors of n?
5, 41
Suppose -4*b - 1045 + 4701 = k, 5*k = -2*b + 18298. What are the prime factors of k?
2, 3, 5, 61
Let m = 100 + -95. Suppose -3*j - 1829 = -4*v, -3*v + 4*v - 453 = m*j. List the prime factors of v.
2, 229
Suppose -361 = -q + 99. Suppose -8*t - q = -10*t. What are the prime factors of t?
2, 5, 23
Suppose 404667 = 5*k + 27*k - 993413. What are the prime factors of k?
2, 5, 17, 257
Suppose 3*d + 5*u - 23501 = 0, 7879 = 45*d - 44*d - 4*u. What are the prime factors of d?
7, 19, 59
Suppose -3*q = -6*u + 5*u + 23449, -3*u + 70277 = q. What are the prime factors of u?
2, 5857
Let m(s) = s**2 + s. Let h(y) = -22*y**2 + 4*y - 36. Let b(l) = -h(l) - 6*m(l). List the prime factors of b(7).
2, 3, 5
Let t(l) = 3*l - 7. Let q be t(3). Suppose 3*r - q*w = 1888, -5*r + 631 = -4*r + w. What are the prime factors of r?
2, 3, 5, 7
Suppose 4*o - p = 4*p - 3, 48 = -4*o - 4*p. Let c(d) = -31*d - 1. Let m be c(o). Let f = 395 - m. List the prime factors of f.
179
Suppose 4*r - 4*x = -260, -8 + 71 = -r + 3*x. Let f(m) = 2*m - 99. Let k be f(-18). Let l = r - k. List the prime factors of l.
3, 23
Let w be (0 + 1)/(-1*(-3)/(-291)). Let o = -98 - w. List the prime factors of ((-4)/o)/4 + 17.
2, 3
Suppose 8*v - 9 = 47. What are the prime factors of (15855/v)/5 + 0?
3, 151
Suppose -q = -13 + 50. Let t be ((-135)/(-2) - 3)*2. Let n = q + t. What are the prime factors of n?
2, 23
Let t = -25358 - -45541. What are the prime factors of t?
20183
Let h(j) = -30*j**3 - j**2 + j + 1. Let v be h(-1). Suppose v*k - 2227 = 19146. What are the prime factors of k?
11, 67
Suppose 57*m = -7*m + 552000. List the prime factors of m.
3, 5, 23
Let q be 2418/90 + (-4)/(-30). Suppose -q*j + 21*j + 5730 = 0. What are the prime factors of j?
5, 191
Suppose -108*f + 7 = -115*f. What are the prime factors of -8 - -15 - 110/f?
3, 13
Let r = -3865 - -7590. What are the prime factors of r?
5, 149
Suppose 0 = -2*w - 3*x + 133354, x + 66672 = 31*w - 30*w. What are the prime factors of w?
2, 17, 37, 53
Suppose 0*j + 4*j - 756 = 0. Suppose -14*g - j = -13*g. Let c = 278 + g. List the prime factors of c.
89
Let n = -428 - 743. Let m = n - -1731. What are the prime factors of m?
2, 5, 7
Let j = 17 - 27. Let l be (j/(-6))/((-6)/1026). What are the prime factors of (-4)/6 - l/9?
31
Suppose 24*m - 777 = 2319. Suppose 0 = -3*a - 6 - 0. What are the prime factors of 2/(a/m)*1*-1?
3, 43
Let c(a) be the second derivative of a**5/10 - a**4/12 - 7*a**3/6 - 7*a**2/2 + a + 38. List the prime factors of c(6).
347
List the prime factors of ((-10140)/(-520))/((-2)/1168*-2).
2, 3, 13, 73
Suppose 5*c + 3074 = 2*o, -4*o + 7*c + 6180 = 5*c. Suppose 10*v = 5*v - 5*u + 7735, -v + u = -o. List the prime factors of v.
7, 13, 17
Let w(a) = -2*a**3 - 19*a**2 - 49*a + 7. Suppose -10 = -5*h + 6*h. What are the prime factors of w(h)?
3, 199
Let a = -14013 + 19912. List the prime factors of a.
17, 347
Let t be 0/(-6)*(-8)/40. List the prime factors of (t - (-6)/15)/((-1)/(-380)).
2, 19
Let t(b) = b**2 - b - 22. Let l be t(0). Suppose -136*w = -147*w + 18 + 70. Let f = w - l. List the prime factors of f.
2, 3, 5
Suppose -11*s = -6 - 38. Suppose s = 2*d + 2*r - 8, -5*d - r = -22. Suppose 0*b = -d*b + 656. What are the prime factors of b?
2, 41
Let m(f) be the second derivative of -f**6/360 + f**5/6 - f**4/12 - 7*f**3/6 - 5*f. Let k(s) be the second derivative of m(s). List the prime factors of k(18).
2, 17
Suppose 37*q - 2*q = -20*q + 535920. List the prime factors of q.
2, 3, 7, 29
Let o(c) = -c + 9. Let n be o(7). Let j(s) = 73*s**2 - 2. What are the prime factors of j(n)?
2, 5, 29
Let u be (-3)/(-15) + (-19248)/15. Let m = -793 - u. What are the prime factors of m?
2, 5, 7
Let c(x) be the second derivative of -x**4/12 + 11*x**3/6 - 2*x**2 - 3*x. Let w be c(8). List the prime factors of (-6)/(-10) - (-1908)/w.
2, 3
Let p be (-1)/((-309)/(-78) + -4) + -4. Suppose 2*l - 4*c = 92, -p*l = -27*l + 5*c + 205. List the prime factors of l.
2, 3
Let b = -4229 + 5632. List the prime factors of b.
23, 61
Suppose t + 3*c - 8123 = -0*t, -c - 16225 = -2*t. What are the prime factors of t?
2, 4057
Suppose 30027 + 4083 = 5*i. What are the prime factors of i?
2, 3, 379
Let z(m) = -5*m**3 + 4*m**2 - 2*m + 3. Let v be z(3). Let i(k) = -6*k**3 - 11*k + 20. Let s be i(3). Let b = v - s. What are the prime factors of b?
73
Let x(p) = -59*p**3 - p**2 + p - 1. Suppose 0 = 2*v + 2*t + 8, -3*v = -2*t + t - 8. Let q be x(v). Let o = q + 108. What are the prime factors of o?
2, 3
Let j = 56 + -48. What are the prime factors of j/(-56) - 226/(-14)?
2
Let x = 875 - 520. Let w = -102 + x. List the prime factors of w.
11, 23
Let h = -66 - -96. Suppose -h = 4*s - 66. Let j(a) = -a**2 + 12*a - 24. List the prime factors of j(s).
3
Let w(x) = 13*x**2 - 10*x + 3. Suppose 2*z = k + 5, 0*k - 4*k - 20 = 4*z. What are the prime factors of w(k)?
2, 3, 7
Let s(n) = -4*n**2 + 28*n + 2. Let o be s(7). Suppose -3*j - o*m + 972 = 0, 2*m + 14 = 8. What are the prime factors of j?
2, 163
Suppose -2*x = -4*x + 4. Suppose -x*n = 10, -b + 2 + 18 = n. What are the prime factors of 515/b - (-9)/(-15)?
2, 5
What are the prime factors of (34898 + 10 - 18/2) + -5?
2, 73, 239
Suppose 4*p - 8 = 0, -3*c + 11*p + 29382 = 8*p. What are the prime factors of c?
2, 31, 79
Suppose -2*p = -4*v - 326, 4*v + 38 = -4*p - 294. Let f = v + 249. List the prime factors of f.
167
Suppose 17*t - 60883 = 73434. What are the prime factors of t?
7901
Suppose 4*i - 2 = 4*c + 2*i, -25 = -5*c - 3*i. Let f be (80/(-140))/(c/(-7)). Suppose f*p + 3*l = 102, -p + 2*p + 5*l - 65 = 0. List the prime factors of p.
3, 5
Let d(v) = 154*v**2 - 40*v - 88. What are the prime factors of d(-4)?
2, 317
Let z(i) = 21*i + 57. Let t be z(-5). Let l = t + 51. Suppose -l*b - f = -758, -b - 4*f + 221 + 28 = 0. List the prime factors of b.
11, 23
What are the prime factors of -1 - ((-584822)/27 - (17963/621 - 29))?
11, 179
Let a be (-363)/(-110) - 6/20. Suppose 0 = -2*v + 52 - 56, a*v + 1239 = p. What are the prime factors of p?
3, 137
Let a(s) = -s - 2. Let l be a(5). Let u(h) = -13*h**2 - h + 24. Let j(g) = 21*g**2 + g - 36. Let z(y) = 5*j(y) + 8*u(y). List the prime factors of z(l).
2, 41
Let i = 77 - 79. Let u(h) = -14*h**3 + h - 3. Let q be u(i). Let s = q + -44. What are the prime factors of s?
3, 7
Let n be (310/(-3))/(36/54). Let f = -94 - n. List the prime factors of f.
61
Suppose -30*k = -316283 - 505087. List the prime factors of k.
11, 19, 131
Suppose -44 - 20 = -4*f - 4*l, -34 = -4*f + 2*l. Suppose 4*p = f*p - 28. Suppose p*h = 383 + 101. List the prime factors of h.
11
Suppose -265*w - 18200 = -267*w. Suppose -14*u + u = -w. What are the prime factors of u?
2, 5, 7
Let z(f) = -47*f - 123. Let m be z(-3). Suppose -m*r + 13367 + 6541 = 0. What are the prime factors of r?
2, 7, 79
Suppose 3*u - 79 = -4. Suppose 3*k + 2*g = u, 5*k - 2*g = 3*k + 30. List the prime factors of k.
11
Let p be 2/(8/(-6))*844248/(-522). Suppose 16*l - 12794 = -p. List the prime factors of l.
2, 3
Let j = 30614 - -13696. List the prime factors of j.
2, 3, 5, 7, 211
Let j = 21690 + -16500. What are the prime factors of j?
2, 3, 5, 173
Let w(m) = 157*m**2 + 53*m - 202. What are the prime factors of w(14)?
2, 19, 103
Let f = 1497 + -787. Let u = f - -168. What are the prime factors of u?
2, 439
Let x = 168 + -168. Suppose -4*o = -5*r + r - 7368, x = 4*o - r - 7377. What are the prime factors 